= 3 - 81*l - 8 + 7*l**2 + l**3 + 72*l. Calculate a(-8).
3
Let a = 10 + -1. Let o(v) = -v**3 + 9*v**2 + v - 4. Let n be o(a). Let d(q) = q - 2. Give d(n).
3
Let p(m) be the first derivative of 1/2*m**2 + 0*m**3 + 1/4*m**4 + 1 - 6*m. Give p(0).
-6
Let g(t) = -t**2 + 4*t + 1. Let w be 2/((-2)/(-2)) + 0. Let c be w/10 + (-57)/(-15). What is g(c)?
1
Let l(x) = 3*x + 36. Let y be l(-11). Let m(t) be the first derivative of t**4/4 - 4*t**3/3 + 4*t - 1. Calculate m(y).
-5
Let h(n) = 1 - 4*n**2 - n**3 - 2 + 3*n - 4. Let p(w) = -w**2 - 5*w + 1. Let m be p(-6). What is h(m)?
5
Let j(b) be the first derivative of -b**4/8 + b**3/2 - 3*b**2/2 - 3. Let a(i) be the second derivative of j(i). Calculate a(2).
-3
Let j(d) = d**3 - 4*d**2 - 4*d + 2. Suppose -5*c + 4*a = -45, -3*c = -4*c + 4*a + 25. What is j(c)?
7
Let s(k) = k**2 + 2*k. Suppose -3*t + 2 = -3*n - 16, -4*t - 4*n + 8 = 0. Suppose -v = -r - 1, -t*v + 0*v - 2 = -2*r. Give s(r).
3
Let y(q) = -2*q**2 + q**2 + 3 - 1. Let s = 28 + -13. Suppose 0 = -0*t + 5*t + s. Calculate y(t).
-7
Let f(i) be the first derivative of -1/24*i**4 + 1/60*i**5 - 1/3*i**3 + 0*i - 2 + 0*i**2. Let r(a) be the third derivative of f(a). Determine r(5).
9
Let o(q) = -4*q + 2. Let g(k) = -k**3 - 6*k**2 - k - 1. Suppose -16 = 2*n + 2*x, 4*x - 26 = 5*n + 2*x. Let h be g(n). Suppose -h = -4*a + 3. Give o(a).
-6
Suppose -4*n = -4*z + 24, 4*z + 4*n = z + 11. Let g(j) = -6*j + 0 - 2 - 1 + j**2. Calculate g(z).
-8
Let u(h) = -2*h + 2*h + 2*h. Give u(-2).
-4
Let l = 10 + -12. Let f(n) = -n**2 - 4*n. Let b(v) = v**2 + 5*v. Let p(r) = 2*b(r) + 3*f(r). Determine p(l).
0
Let y = 16 - 16. Let j(q) = q - 4. Calculate j(y).
-4
Let a(o) = -o**3 + 6*o**2 + 6*o - 5. Suppose 14 + 14 = 4*x. Give a(x).
-12
Let r be -2*2*4/(-16). Suppose -b - r = -8. Let x(t) = t**2 - 7*t + 3. Determine x(b).
3
Let x(u) = u**3 - 7*u**2 + 7*u - 2. Let z(w) = -3*w**2 + 3*w - 1. Let l(s) = -4*x(s) + 9*z(s). What is l(-1)?
5
Let w(b) = -b**3 - 4*b**2 - 2*b + 1. Suppose -10*o + 7*o - 18 = 4*k, 3*k = 5*o + 1. Calculate w(o).
-3
Let o = 11 - 14. Let a(z) = -3 - 4*z - 4 - z**2 + 3 + 1. Give a(o).
0
Let f(b) be the first derivative of b**3/3 + 5*b**2/2 + 4*b - 6. What is f(-5)?
4
Let d(t) = 15*t**3 + 19*t**2 + 8*t + 19. Let m(n) = -7*n**3 - 9*n**2 - 4*n - 9. Let i(g) = 6*d(g) + 13*m(g). Let z = 1 - 4. Calculate i(z).
9
Let c(k) = 6*k**3. Suppose -4*i + 3*p + 19 = 0, 2*i = 4*i + 5*p - 3. Suppose -5*y - i = 1. What is c(y)?
-6
Let h(a) = -a**3 + 4*a**2 + 7*a - 6. Let f(d) = d**2 - 4. Let z be f(-3). Calculate h(z).
4
Let o(p) be the second derivative of -p**4/12 - p**3/2 + 3*p**2 + 20*p. Determine o(-7).
-22
Let r be 3*(-12)/(-9) + 1. Let m(h) = h. What is m(r)?
5
Let c(r) = r + 1. Let j be c(1). Suppose -4 = a - j*a. Let g be 2/a + 44/(-8). Let q(p) = -p**2 - 2*p + 7. Give q(g).
-8
Let s(a) be the first derivative of -7*a**3/3 + a**2 - a - 1. Let y = -5 - -7. Let r = 3 - y. Calculate s(r).
-6
Suppose -3*g - 12 = u, 3*u - 7*u + g = -17. Let k(r) = -r**3 + 4*r**2 - 3. What is k(u)?
6
Let o(l) = -2*l - 8. Let x be o(-5). Let b(m) = 10 - 2*m - x + m**2 - 4*m - m. What is b(6)?
2
Suppose 0*p + p + 10 = 0. Let m = p + 15. Let v be (1 + 0)/(-6 + m). Let o(r) = 4*r. Give o(v).
-4
Let o(t) = -t**2 + 5*t - 4. Suppose d + d - 32 = 0. Suppose 5*w - d = w. Suppose 3*a - 5 = -2*l, 4*l = -2*a + w + 10. What is o(l)?
0
Let d = -5 + 7. Let o(l) = l**2 + 3*l - 1. Let z(a) = a**2. Let s(k) = d*z(k) - o(k). What is s(2)?
-1
Let w(y) be the first derivative of y**2 - 4*y + 11. What is w(3)?
2
Let b(q) be the third derivative of -q**6/720 - 3*q**5/40 + 7*q**4/24 - 9*q**2. Let p(j) be the second derivative of b(j). What is p(-4)?
-5
Let l(b) = 8*b**3 + 10*b**3 - 4*b**2 + 3*b**2 + 0*b**2. Determine l(1).
17
Let l = -1 - 3. Let x = -9 - l. Let r(c) = c**3 + 6*c**2 + 5*c - 1. Determine r(x).
-1
Suppose 0 = 3*p - 0*p. Let v(l) = p*l + 4 - 5*l - 3*l**2 + l + l**3. Determine v(3).
-8
Let q be (1/(-3))/(3/(-9)). Let b = q + -4. Let h(f) = f + 2. Give h(b).
-1
Let t(u) = u**2 - u. Let q(i) = -i**2 + i + 1. Let l(z) = q(z) + 2*t(z). Give l(1).
1
Let x = -1 + 2. Let a(i) = -8*i - 1 + 3 - 1. Give a(x).
-7
Let v = -1 - -1. Let o(q) be the first derivative of q**2/2 + 4*q + 15. Determine o(v).
4
Let j(k) = -2*k**3 - 2*k**2 - k. Let y(q) = -q + 2. Let m be y(4). Determine j(m).
10
Let z(v) = -v**2 + 3*v - 1. Let i(g) = 8*g - 21. Let q be i(3). Calculate z(q).
-1
Let p(y) be the third derivative of -y**5/60 - y**4/12 - 4*y**2. What is p(-3)?
-3
Let g(q) = 11*q**3 - q. Let h = 3 - 0. Suppose p - h = 4*r, 6 = 3*p + r - 3. Suppose -p = w + 2*w. Give g(w).
-10
Let k(m) = 2 - 3 + 5*m**3 + 7*m - 7*m**2 - 4*m**3. Suppose -2*l = -5*s + 13, l = -0*l + 4*s - 14. What is k(l)?
5
Let l be 1 - 0 - (-2)/(-2). Suppose 3 = -3*s - l*s. Let f(t) = -8*t**3 + t**2 - 5 + 3 + 2*t + 3. Give f(s).
8
Suppose 0 = -4*a - 3*g - 1 + 3, 2*g - 1 = -3*a. Let k(y) = -7*y - 2. Give k(a).
5
Let v(z) be the second derivative of 1/6*z**3 + 2*z + 0 + z**2. Give v(-5).
-3
Let k(n) = n + 4. Suppose -t + 2*t = 0. Give k(t).
4
Let i(x) = x**2 - x + 9. Suppose -2*k + 6*k - 28 = 0. Suppose 0 = -o + k. Let w = o + -7. Determine i(w).
9
Let z(w) = -w - 5. Suppose 43*y - 30 = 48*y. Calculate z(y).
1
Let t(q) = q**3 - q**2 - q - 1. Let v(g) = g**3 - 6*g**2 + g - 4. Let b(n) = 2*t(n) - v(n). Let x(r) = -2*r**2 - 20*r - 5. Let m be x(-10). Determine b(m).
-8
Let v(g) be the first derivative of -g**3/3 - 2*g**2 + 5*g + 40. Calculate v(-5).
0
Suppose 4*w = 3*d - d, 3*w = -3*d + 36. Suppose 5*t - d = 2. Let u(c) = -1 + c**3 - c**3 + 2*c**3 + c - 3*c**2. Give u(t).
5
Let g(i) = i**2 + 1. Let j(p) = -5*p**2 - 5*p + 3. Let s(t) = 11*t**2 + 10*t - 7. Let c(z) = 9*j(z) + 4*s(z). Let w be c(-5). Determine g(w).
2
Let i(w) be the second derivative of -1/6*w**3 - 3*w + 2*w**2 + 0. Suppose 3*k + 5 = 5*u, u + 35 = 3*k + 6*u. Determine i(k).
-1
Let o(j) = -j**2 + 2*j. Let l be o(2). Let f(z) = -3*z + 3*z + z. Give f(l).
0
Let v(r) = 19*r**2 + 10*r. Let h(y) = -8*y**2 + 8*y**2 - 13*y**2 - 7*y. Let f(p) = -7*h(p) - 5*v(p). Calculate f(1).
-5
Suppose 4*o - 34 = 2*v, -o = -4*o - v + 23. Suppose -4*w = -5*s - 2, 0 = -4*s + o. Let k(b) = 1 + 0 - 3*b**3 + 2*b**w - b + 0 + 5*b**2. What is k(5)?
-4
Let x(r) be the second derivative of 5*r**4/6 + r**3/3 + r**2/2 - 5*r. Determine x(-1).
9
Let u(s) be the second derivative of s**5/20 - s**4/3 + s**3/6 + 2*s**2 + s. Suppose -3*p + 12 = 3. Calculate u(p).
-2
Let n(y) = -3 + 2 + y**3 + 1 + 3 - 5*y**2. Let r = -8 + 10. Suppose 0 = -4*v + 4, 2*s + v = -r*v + 13. Determine n(s).
3
Let d = -8 - -4. Let x(u) = -u**3 - 3*u**2 + 4*u + 3. What is x(d)?
3
Let l(b) = -1 - b**2 - 1 + 1 + 2. What is l(1)?
0
Let c(o) be the second derivative of o - 1/2*o**3 - 1/12*o**4 + 7/2*o**2 + 0. Give c(-5).
-3
Let i(u) = u**3 + u**2 - 8*u. Suppose 2*h + 4*h - 36 = 0. Let x(p) = -p**3 + 8*p. Let j(t) = h*x(t) + 5*i(t). Give j(6).
12
Let m(c) = 2*c + 6. Suppose 0*w + 3*w = x - 12, -x = 3*w + 18. Let y(a) = 2*a + 7. Let f(t) = x*y(t) + 2*m(t). Determine f(-6).
3
Let t be ((-224)/36)/4*3/(-16). Let u(n) be the third derivative of 0*n - 2/3*n**3 + 0 - 3*n**2 + t*n**4 + 1/15*n**5 - 1/120*n**6. Calculate u(5).
6
Let f(x) = x - 2. Let u(w) = -w + 3. Let i(v) = -5*f(v) - 4*u(v). Let s = -4 - -4. Suppose 2*b = 5*t - 11, s = -4*t - 0 + 4. What is i(b)?
1
Suppose 0 = -4*o + 5 + 55. Suppose 0 = 2*t + t - o. Let w(p) = p**3 - 6*p**2 + 4*p + 1. Calculate w(t).
-4
Let k(i) = i + 8. Let l(a) = a**3 - 8*a**2 + 12*a - 27. Let f be l(7). Give k(f).
16
Let m(x) = -x - 12. Let a(z) = 3*z**3 - z**2. Let o be a(1). Suppose 15 = -3*f - 3*u, f + o*u + 5 = -u. Calculate m(f).
-7
Let n(z) = 9*z**2 - 3 - 13*z**2 + 5*z**2. What is n(-3)?
6
Let a = -501 - -30061/60. Let l(g) be the third derivative of 0 - 1/6*g**3 - g**2 + a*g**5 + 0*g - 1/8*g**4. What is l(2)?
-3
Let t be (-3)/6 - 2/(-4). Let r(m) = t + 6*m - m + 0 + 1. Determine r(1).
6
Let d(k) = -9*k - 3. Let w(b) = -5*b - 1. Let t(a) = 6*d(a) - 11*w(a). Let h(c) = c**3 + 3*c**2 + c + 3. Let m be h(-3). Suppose m = 5*u - 25. Calculate t(u).
-2
Suppose -4*h + 22 = -34. Suppose -42 = -s + 4*v, h + 6 = -5*v. Suppose s = -4*j + 10. Let l(b) = -b - 5. Calculate l(j).
-1
Let d be 2/1 + -2 + 3. Let k be (6/d)/(4/2). Let h(b) = 26*b**2 + 16. Let t(